{"id":1939,"date":"2024-03-20T08:42:00","date_gmt":"2024-03-20T08:42:00","guid":{"rendered":"http:\/\/196.3.100.136\/sina\/?page_id=1939"},"modified":"2024-07-04T11:02:17","modified_gmt":"2024-07-04T11:02:17","slug":"caracterizacao","status":"publish","type":"page","link":"http:\/\/www.sina.gov.mz\/index.php\/caracterizacao\/","title":{"rendered":"Caracteriza\u00e7\u00e3o"},"content":{"rendered":"\t\t<div data-elementor-type=\"wp-page\" data-elementor-id=\"1939\" class=\"elementor elementor-1939\">\n\t\t\t\t<div class=\"elementor-element elementor-element-da571d4 e-flex e-con-boxed e-con e-parent\" data-id=\"da571d4\" data-element_type=\"container\" data-settings=\"{&quot;shape_divider_top&quot;:&quot;pyramids&quot;}\">\n\t\t\t\t\t<div class=\"e-con-inner\">\n\t\t\t\t<div class=\"elementor-shape elementor-shape-top\" data-negative=\"false\">\n\t\t\t<svg xmlns=\"http:\/\/www.w3.org\/2000\/svg\" viewBox=\"0 0 1000 100\" preserveAspectRatio=\"none\">\n\t<path class=\"elementor-shape-fill\" d=\"M761.9,44.1L643.1,27.2L333.8,98L0,3.8V0l1000,0v3.9\"\/>\n<\/svg>\t\t<\/div>\n\t\t\t\t<div class=\"elementor-element elementor-element-1515705 elementor-widget elementor-widget-heading\" data-id=\"1515705\" data-element_type=\"widget\" data-widget_type=\"heading.default\">\n\t\t\t\t<div class=\"elementor-widget-container\">\n\t\t\t<style>\/*! elementor - v3.21.0 - 30-04-2024 *\/\n.elementor-heading-title{padding:0;margin:0;line-height:1}.elementor-widget-heading .elementor-heading-title[class*=elementor-size-]>a{color:inherit;font-size:inherit;line-height:inherit}.elementor-widget-heading .elementor-heading-title.elementor-size-small{font-size:15px}.elementor-widget-heading .elementor-heading-title.elementor-size-medium{font-size:19px}.elementor-widget-heading .elementor-heading-title.elementor-size-large{font-size:29px}.elementor-widget-heading .elementor-heading-title.elementor-size-xl{font-size:39px}.elementor-widget-heading .elementor-heading-title.elementor-size-xxl{font-size:59px}<\/style><h5 class=\"elementor-heading-title elementor-size-default\">Localiza\u00e7\u00e3o, Superf\u00edcie e Divis\u00e3o Administrativas<\/h5>\t\t<\/div>\n\t\t\t\t<\/div>\n\t\t\t\t\t<\/div>\n\t\t\t\t<\/div>\n\t\t<div class=\"elementor-element elementor-element-3f21afb e-flex e-con-boxed e-con e-parent\" data-id=\"3f21afb\" data-element_type=\"container\">\n\t\t\t\t\t<div class=\"e-con-inner\">\n\t\t\t\t<div class=\"elementor-element elementor-element-1151e48 elementor-widget elementor-widget-text-editor\" data-id=\"1151e48\" data-element_type=\"widget\" data-widget_type=\"text-editor.default\">\n\t\t\t\t<div class=\"elementor-widget-container\">\n\t\t\t<style>\/*! elementor - v3.21.0 - 30-04-2024 *\/\n.elementor-widget-text-editor.elementor-drop-cap-view-stacked .elementor-drop-cap{background-color:#69727d;color:#fff}.elementor-widget-text-editor.elementor-drop-cap-view-framed .elementor-drop-cap{color:#69727d;border:3px solid;background-color:transparent}.elementor-widget-text-editor:not(.elementor-drop-cap-view-default) .elementor-drop-cap{margin-top:8px}.elementor-widget-text-editor:not(.elementor-drop-cap-view-default) .elementor-drop-cap-letter{width:1em;height:1em}.elementor-widget-text-editor .elementor-drop-cap{float:left;text-align:center;line-height:1;font-size:50px}.elementor-widget-text-editor .elementor-drop-cap-letter{display:inline-block}<\/style>\t\t\t\t<p><span style=\"color: #000000;\">A Prov\u00edncia de Nampula situa-se ao Norte de Mo\u00e7ambique, localizada com as coordenadas lim\u00edtrofes 13\u00b0 29&#8242; e 15\u00b0 54&#8242; 10\u201d Latitude Norte, 36\u00b0 41&#8242; 51\u201d e 40\u00b0 47&#8242; 57\u201d Longitude Este. Os seus limites s\u00e3o, a Norte, as prov\u00edncias de Cabo Delgado e Niassa, a Sul a prov\u00edncia da Zamb\u00e9zia, a Este o Canal de Mo\u00e7ambique (Oceano \u00cdndico) e a Oeste as prov\u00edncias de Niassa e Zamb\u00e9zia.<\/span><\/p>\t\t\t\t\t\t<\/div>\n\t\t\t\t<\/div>\n\t\t\t\t<div class=\"elementor-element elementor-element-7bfb387 elementor-widget elementor-widget-text-editor\" data-id=\"7bfb387\" data-element_type=\"widget\" data-widget_type=\"text-editor.default\">\n\t\t\t\t<div class=\"elementor-widget-container\">\n\t\t\t\t\t\t\t<div style=\"overflow-x: auto;\">\n<table width=\"100%\">\n<tbody style=\"border: 5px solid lightgreen;\">\n<tr>\n<td style=\"border: 3px solid lightgreen;\" width=\"20%\">\n<h4><strong>Superf\u00edcie<\/strong><\/h4>\n<\/td>\n<td style=\"border: 3px solid lightgreen;\" width=\"80%\">\n<h4>81.606 Km2, equivalente a 10% do territ\u00f3rio nacional.<\/h4>\n<\/td>\n<\/tr>\n<tr>\n<td style=\"border: 3px solid lightgreen;\" width=\"20%\">\n<h4><strong>Popula\u00e7\u00e3o<\/strong><\/h4>\n<\/td>\n<td style=\"border: 3px solid lightgreen;\" width=\"80%\">\n<h4>Total da Prov\u00edncia: 6.649.881 (INE, 2023)<\/h4>\n<h4>Densidade Populacional: 79,5 hab\/km<sup>2<\/sup><\/h4>\n<h4>Taxa de crescimento anual: 2,4%<\/h4>\n<\/td>\n<\/tr>\n<tr>\n<td style=\"border: 3px solid lightgreen;\" width=\"20%\">\n<h4><strong>Divis\u00e3o Administrativa<\/strong><\/h4>\n<\/td>\n<td style=\"border: 3px solid lightgreen;\" width=\"80%\">\n<h4>23 Distritos<\/h4>\n<h4>8 Munic\u00edpios<\/h4>\n<h4>63 Postos Administrativos<\/h4>\n<h4>136 Localidades<\/h4>\n<\/td>\n<\/tr>\n<tr>\n<td style=\"border: 3px solid lightgreen;\" width=\"20%\">\n<h4><strong>L\u00ednguas faladas<\/strong><\/h4>\n<\/td>\n<td style=\"border: 3px solid lightgreen;\" width=\"80%\">\n<h4>Portugu\u00eas: l\u00edngua oficial<\/h4>\n<h4>Emakwa: l\u00edngua local falada pela maioria da popula\u00e7\u00e3o<\/h4>\n<\/td>\n<\/tr>\n<tr>\n<td style=\"border: 3px solid lightgreen;\" width=\"20%\">\n<h4><strong>Clima<\/strong><\/h4>\n<\/td>\n<td style=\"border: 3px solid lightgreen;\" width=\"80%\">\n<h4>Clima: tropical chuvoso com pluviosidade m\u00e9dia anual entre 1000mm e 1200mm<\/h4>\n<\/td>\n<\/tr>\n<tr>\n<td style=\"border: 3px solid lightgreen;\" width=\"20%\">\n<h4><strong>Temperatura<\/strong><\/h4>\n<\/td>\n<td style=\"border: 3px solid lightgreen;\" width=\"80%\">\n<h4>Temperatura: varia\u00e7\u00e3o m\u00e9dia anual de 22\u00ba a 26\u00ba<\/h4>\n<\/td>\n<\/tr>\n<tr>\n<td style=\"border: 3px solid lightgreen;\" width=\"20%\">\n<h4><strong>Locais Hist\u00f3ricos<\/strong><\/h4>\n<\/td>\n<td style=\"border: 3px solid lightgreen;\" width=\"80%\">\n<h4>Ilha de Mo\u00e7ambique \u2013 Patrim\u00f3nio Mundial da Humanidade<\/h4>\n<h4>Mogovolas \u2013 Campa de Kupula Muno (guerreiro que resistiu contra a ocupa\u00e7\u00e3o colonial portuguesa)<\/h4>\n<h4>Mossuril \u2013 Monumento sobre a campa de Mucutu-Muno (os Namarrais)<\/h4>\n<h4>Meconta, Murrupula e Rib\u00e1u\u00e8 \u2013 Pinturas Rupestres<\/h4>\n<\/td>\n<\/tr>\n<\/tbody>\n<\/table>\n<\/div>\t\t\t\t\t\t<\/div>\n\t\t\t\t<\/div>\n\t\t\t\t\t<\/div>\n\t\t\t\t<\/div>\n\t\t<div class=\"elementor-element elementor-element-d5dfcf0 elementor-hidden-tablet elementor-hidden-mobile e-flex e-con-boxed e-con e-parent\" data-id=\"d5dfcf0\" data-element_type=\"container\" data-settings=\"{&quot;shape_divider_top&quot;:&quot;pyramids&quot;}\">\n\t\t\t\t\t<div class=\"e-con-inner\">\n\t\t\t\t<div class=\"elementor-shape elementor-shape-top\" data-negative=\"false\">\n\t\t\t<svg xmlns=\"http:\/\/www.w3.org\/2000\/svg\" viewBox=\"0 0 1000 100\" preserveAspectRatio=\"none\">\n\t<path class=\"elementor-shape-fill\" d=\"M761.9,44.1L643.1,27.2L333.8,98L0,3.8V0l1000,0v3.9\"\/>\n<\/svg>\t\t<\/div>\n\t\t\t\t<div class=\"elementor-element elementor-element-7586deb elementor-widget elementor-widget-heading\" data-id=\"7586deb\" data-element_type=\"widget\" data-widget_type=\"heading.default\">\n\t\t\t\t<div class=\"elementor-widget-container\">\n\t\t\t<h3 class=\"elementor-heading-title elementor-size-default\">    Divis\u00e3o Administrativa<\/h3>\t\t<\/div>\n\t\t\t\t<\/div>\n\t\t\t\t\t<\/div>\n\t\t\t\t<\/div>\n\t\t<div class=\"elementor-element elementor-element-b8f3979 e-con-full e-flex e-con e-parent\" data-id=\"b8f3979\" data-element_type=\"container\">\n\t\t\t\t<div class=\"elementor-element elementor-element-983e405 elementor-hidden-tablet elementor-hidden-mobile elementor-widget elementor-widget-html\" data-id=\"983e405\" data-element_type=\"widget\" data-widget_type=\"html.default\">\n\t\t\t\t<div class=\"elementor-widget-container\">\n\t\t\t<!DOCTYPE html>\n<html lang=\"pt\">\n<head>\n    <meta charset=\"UTF-8\">\n    <title><\/title>\n<style>\n\n#mapa{\n  display: inline-block;\n  position: relative;\n}\n#angoche{\n  position: absolute;\n  top: 420px;\n  right: 172px;\n  font-size: 18px;\n   \/* transform: rotate(270deg); *\/\n}\n#moma{\n  position: absolute;\n  top: 430px;\n  right: 280px;\n  font-size: 18px;\n   \/* transform: rotate(70deg); *\/\n}\n#larde{\n  position: absolute;\n  top: 480px;\n  right: 220px;\n  font-size: 18px;\n   \/* transform: rotate(270deg); *\/\n}\n#mogovolas{\n  position: absolute;\n  top: 370px;\n  right: 240px;\n  font-size: 18px;\n   \/* transform: rotate(270deg); *\/\n}\n#murrupula{\n  position: absolute;\n  top: 310px;\n  right: 330px;\n  font-size: 18px;\n   \/* transform: rotate(60deg);  *\/\n}\n#ribaue{\n  position: absolute;\n  top: 250px;\n  right: 400px;\n  font-size: 18px;\n   \/* transform: rotate(60deg);  *\/\n}\n\n#malema{\n  position: absolute;\n  top: 220px;\n  right: 510px;\n  font-size: 18px;\n   \/* transform: rotate(60deg);  *\/\n}\n\n#lalaua{\n  position: absolute;\n  top: 155px;\n  right: 430px;\n  font-size: 18px;\n   \/* transform: rotate(60deg);  *\/\n}\n\n\n#mecuburi{\n  position: absolute;\n  top: 155px;\n  right: 300px;\n  font-size: 18px;\n   \/* transform: rotate(60deg);  *\/\n}\n\n#erati{\n  position: absolute;\n  top: 70px;\n  right: 200px;\n  font-size: 18px;\n   \/* transform: rotate(60deg);  *\/\n}\n#memba{\n  position: absolute;\n  top: 70px;\n  right: 100px;\n  font-size: 18px;\n   \/* transform: rotate(60deg);  *\/\n}\n\n\n#nacaroa{\n  position: absolute;\n  top: 135px;\n  right: 150px;\n  font-size: 18px;\n   \/* transform: rotate(60deg);  *\/\n}\n#muecate{\n  position: absolute;\n  top: 190px;\n  right: 210px;\n  font-size: 18px;\n   \/* transform: rotate(60deg);  *\/\n}\n#monapo{\n  position: absolute;\n  top: 210px;\n  right: 120px;\n  font-size: 18px;\n   \/* transform: rotate(70deg);  *\/\n}\n#nacala{\n  position: absolute;\n  top: 160px;\n  right: 30px;\n  font-size: 18px;\n  \n}\n#mossuril{\n  position: absolute;\n  top: 285px;\n  right: 80px;\n  font-size: 18px;\n  \/* transform: rotate(70deg); *\/\n}\n#ilha{\n  position: absolute;\n  top: 240px;\n  right: 0px;\n  font-size: 18px;\n  \/* transform: rotate(75deg); *\/\n}\n#liupo{\n  position: absolute;\n  top: 320px;\n  right: 130px;\n  font-size: 18px;\n  \/* transform: rotate(50deg); *\/\n}\n#mongicual{\n  position: absolute;\n  top: 355px;\n  right: 140px;\n  font-size: 18px;\n  \/* transform: rotate(50deg); *\/\n}\n#meconta{\n  position: absolute;\n  top: 320px;\n  right: 220px;\n  font-size: 18px;\n  \/* transform: rotate(-30deg); *\/\n}\n#rapale{\n  position: absolute;\n  top: 290px;\n  right: 270px;\n  font-size: 18px;\n  \/* transform: rotate(50deg); *\/\n}\n#nampula{\n  position: absolute;\n  top: 260px;\n  right: 180px;\n  font-size: 18px;\n  \/* transform: rotate(50deg); *\/\n}\n#mapa a:link {\ncolor: green;\nfont-weight:bold;\ntext-decoration: underline;\n} \n #mapa a:hover { \n    background-color:orange;\n  color:white;  \n  font-weight:bold; \n  border-radius: 10px;\n  padding:5px;\n}\n #mapa a:visited {  \n  color: green;\nfont-weight:bold;\n}\n#mapa a:visited:hover {  \n  background-color:orange;\n  color:white;  \n  font-weight:bold; \n  border-radius: 10px;\n  padding:5px;\n}\n#mapa a:active {\n  color: green;\n  font-weight:bold;\n}\n\n<\/style>\n\n\n    <\/head>\n \n        <div style=\"overflow-x: auto;\" id=\"mapa\">\n          <!--<img decoding=\"async\" class=\"img-responsive\" src=\"http:\/\/www.sina.gov.mz\/wp-content\/uploads\/2024\/04\/MAPA-NAMPULAresise1.png\">-->\n          <img decoding=\"async\" class=\"img-responsive\" src=\"http:\/\/www.sina.gov.mz\/wp-content\/uploads\/2024\/05\/MAPA-NAMPULA-orange-1.png\">\n            <!-- <img decoding=\"async\" class=\"img-responsive\" src=\"..\/Downloads\/MAPA-NAMPULAresise.png\" alt=\"Imagem de fundo\"\/> -->\n            <a href=\" http:\/\/www.sina.gov.mz\/index.php\/angoche\/\" target=\"_blank\" id=\"angoche\">Angoche<\/a>\n            <a href=\"http:\/\/www.sina.gov.mz\/index.php\/moma\/\" target=\"_blank\"  id=\"moma\">Moma<\/a>\n            <a href=\"http:\/\/www.sina.gov.mz\/index.php\/larde\/\" target=\"_blank\"  id=\"larde\">Larde<\/a>\n            <a href=\"http:\/\/www.sina.gov.mz\/index.php\/mogovolas\/\" target=\"_blank\"  id=\"mogovolas\">Mogovolas<\/a>\n            <a href=\"http:\/\/www.sina.gov.mz\/index.php\/murrupula\/\" target=\"_blank\"  id=\"murrupula\">Murrupula<\/a>\n            <a href=\"http:\/\/www.sina.gov.mz\/index.php\/ribaue\/\" target=\"_blank\"  id=\"ribaue\">Ribaue<\/a>\n            <a href=\"http:\/\/www.sina.gov.mz\/index.php\/malema\/\" target=\"_blank\"  id=\"malema\">Malema<\/a>\n            <a href=\"http:\/\/www.sina.gov.mz\/index.php\/lalaua\/\" target=\"_blank\"  id=\"lalaua\">Lalaua<\/a>\n            <a href=\"http:\/\/www.sina.gov.mz\/index.php\/mecuburi\/\" target=\"_blank\"  id=\"mecuburi\">Mecuburi<\/a>\n            <a href=\"http:\/\/www.sina.gov.mz\/index.php\/erati\/\" target=\"_blank\"  id=\"erati\">Erati<\/a>\n            <a href=\"http:\/\/www.sina.gov.mz\/index.php\/memba\/\" target=\"_blank\"  id=\"memba\">Memba<\/a>\n            <a href=\"http:\/\/www.sina.gov.mz\/index.php\/nacaroa\/\" target=\"_blank\"  id=\"nacaroa\">Nacaroa<\/a>\n            <a href=\"http:\/\/www.sina.gov.mz\/index.php\/muecate\/\" target=\"_blank\"  id=\"muecate\">Muecate<\/a>\n            <a href=\"http:\/\/www.sina.gov.mz\/index.php\/monapo\/\" target=\"_blank\"  id=\"monapo\">Monapo<\/a>\n            <a href=\"http:\/\/www.sina.gov.mz\/index.php\/nacala-velha\/\" target=\"_blank\"  id=\"nacala\">Nacala a Velha<\/a>\n            <a href=\"http:\/\/www.sina.gov.mz\/index.php\/mossuril\/\" target=\"_blank\"  id=\"mossuril\">Mossuril<\/a>\n            <a href=\"http:\/\/www.sina.gov.mz\/index.php\/ilha-de-mocambique\/\" target=\"_blank\"  id=\"ilha\">Ilha de Mo\u00e7ambique<\/a>\n            <a href=\"http:\/\/www.sina.gov.mz\/index.php\/liupo\/\" target=\"_blank\"  id=\"liupo\">Liupo<\/a>\n            <a href=\"http:\/\/www.sina.gov.mz\/index.php\/mogincual\/\" target=\"_blank\"  id=\"mongicual\">Mongicual<\/a>\n            <a href=\"http:\/\/www.sina.gov.mz\/index.php\/meconta\/\" target=\"_blank\"  id=\"meconta\">Meconta<\/a>\n            <a href=\"http:\/\/www.sina.gov.mz\/index.php\/rapale\/\" target=\"_blank\"  id=\"rapale\">Rapale<\/a>\n            <a href=\"http:\/\/www.sina.gov.mz\/index.php\/cidade-de-nampula\/\" target=\"_blank\"  id=\"nampula\">Cidade de Nampula<\/a>\n         \n       \n        <div>\n    <\/body>\n\u00a0\u00a0\u00a0\u00a0\u00a0\u00a0<\/html>\n\t\t<\/div>\n\t\t\t\t<\/div>\n\t\t\t\t<\/div>\n\t\t<div class=\"elementor-element elementor-element-b2e4dd7 e-con-full e-flex e-con e-parent\" data-id=\"b2e4dd7\" data-element_type=\"container\">\n\t\t\t\t<div class=\"elementor-element elementor-element-ee7b1ec elementor-widget elementor-widget-oxpins-gallery\" data-id=\"ee7b1ec\" data-element_type=\"widget\" data-widget_type=\"oxpins-gallery.default\">\n\t\t\t\t<div class=\"elementor-widget-container\">\n\t\t\t\t<!--Gallery Page Start-->\r\n\t<section class=\"gallery-carousel-page\">\r\n\t\t<div class=\"container\">\r\n\t\t\t<div class=\"gallery-carousel thm-owl__carousel owl-theme owl-carousel carousel-dot-style\" data-owl-options='        {\r\n        &quot;loop&quot;: true,\r\n        &quot;margin&quot;: 0,\r\n        &quot;items&quot;: 1        ,&quot;nav&quot;: true                    ,&quot;navText&quot;: [\r\n            &quot;&lt;i class=\\&quot; fa fa-angle-left\\&quot;&gt;&lt;\/i&gt;&quot;,\r\n            &quot;&lt;i class=\\&quot; fa fa-angle-right\\&quot;&gt;&lt;\/i&gt;&quot;\r\n            ]\r\n                ,&quot;dots&quot;: true        ,&quot;smartSpeed&quot;: 970\r\n                }\r\n    '>\r\n\t\t\t\t\t\t\t\t\t\t\t\t\t\t\t<!--Gallery Page Single Start-->\r\n\t\t\t\t\t\t<div class=\"item\">\r\n\t\t\t\t\t\t\t<div class=\"gallery-page__single\">\r\n\t\t\t\t\t\t\t\t<div class=\"gallery-page__img\">\r\n\t\t\t\t\t\t\t\t\t<img decoding=\"async\" src=\"http:\/\/www.sina.gov.mz\/wp-content\/uploads\/2024\/05\/map_1.png\" alt=\"\">\r\n\t\t\t\t\t\t\t\t\t<a href=\"http:\/\/www.sina.gov.mz\/wp-content\/uploads\/2024\/05\/map_1.png\" class=\"img-popup\"><\/a>\r\n\t\t\t\t\t\t\t\t\t<!-- \/.img-popup -->\r\n\t\t\t\t\t\t\t\t\t<div class=\"gallery-page__content\">\r\n\t\t\t\t\t\t\t\t\t\t<p class=\"gallery-page__sub-title\">Terra ar\u00e1vel<\/p>\r\n\t\t\t\t\t\t\t\t\t\t<h5 class=\"gallery-page__title\">Terra ar\u00e1vel<\/h5>\r\n\t\t\t\t\t\t\t\t\t<\/div>\r\n\t\t\t\t\t\t\t\t<\/div>\r\n\t\t\t\t\t\t\t<\/div>\r\n\t\t\t\t\t\t<\/div>\r\n\t\t\t\t\t\t<!--Gallery Page Single End-->\r\n\t\t\t\t\t\t\t\t\t\t\t<!--Gallery Page Single Start-->\r\n\t\t\t\t\t\t<div class=\"item\">\r\n\t\t\t\t\t\t\t<div class=\"gallery-page__single\">\r\n\t\t\t\t\t\t\t\t<div class=\"gallery-page__img\">\r\n\t\t\t\t\t\t\t\t\t<img decoding=\"async\" src=\"http:\/\/www.sina.gov.mz\/wp-content\/uploads\/2024\/05\/Mineiro.png\" alt=\"\">\r\n\t\t\t\t\t\t\t\t\t<a href=\"http:\/\/www.sina.gov.mz\/wp-content\/uploads\/2024\/05\/Mineiro.png\" class=\"img-popup\"><\/a>\r\n\t\t\t\t\t\t\t\t\t<!-- \/.img-popup -->\r\n\t\t\t\t\t\t\t\t\t<div class=\"gallery-page__content\">\r\n\t\t\t\t\t\t\t\t\t\t<p class=\"gallery-page__sub-title\">Potencial Mineiro<\/p>\r\n\t\t\t\t\t\t\t\t\t\t<h5 class=\"gallery-page__title\">Potencial Mineiro<\/h5>\r\n\t\t\t\t\t\t\t\t\t<\/div>\r\n\t\t\t\t\t\t\t\t<\/div>\r\n\t\t\t\t\t\t\t<\/div>\r\n\t\t\t\t\t\t<\/div>\r\n\t\t\t\t\t\t<!--Gallery Page Single End-->\r\n\t\t\t\t\t\t\t\t\t\t\t<!--Gallery Page Single Start-->\r\n\t\t\t\t\t\t<div class=\"item\">\r\n\t\t\t\t\t\t\t<div class=\"gallery-page__single\">\r\n\t\t\t\t\t\t\t\t<div class=\"gallery-page__img\">\r\n\t\t\t\t\t\t\t\t\t<img decoding=\"async\" src=\"http:\/\/www.sina.gov.mz\/wp-content\/uploads\/2024\/05\/Zona-de-Instancia-de-Turismo-integrado-de-Crusse-e-jamal.png\" alt=\"\">\r\n\t\t\t\t\t\t\t\t\t<a href=\"http:\/\/www.sina.gov.mz\/wp-content\/uploads\/2024\/05\/Zona-de-Instancia-de-Turismo-integrado-de-Crusse-e-jamal.png\" class=\"img-popup\"><\/a>\r\n\t\t\t\t\t\t\t\t\t<!-- \/.img-popup -->\r\n\t\t\t\t\t\t\t\t\t<div class=\"gallery-page__content\">\r\n\t\t\t\t\t\t\t\t\t\t<p class=\"gallery-page__sub-title\">Zona de Instancia de Turismo integrado de Crusse e jamali<\/p>\r\n\t\t\t\t\t\t\t\t\t\t<h5 class=\"gallery-page__title\">Zona de Instancia de Turismo integrado de Crusse e jamali<\/h5>\r\n\t\t\t\t\t\t\t\t\t<\/div>\r\n\t\t\t\t\t\t\t\t<\/div>\r\n\t\t\t\t\t\t\t<\/div>\r\n\t\t\t\t\t\t<\/div>\r\n\t\t\t\t\t\t<!--Gallery Page Single End-->\r\n\t\t\t\t\t\t\t\t\t\t\t<!--Gallery Page Single Start-->\r\n\t\t\t\t\t\t<div class=\"item\">\r\n\t\t\t\t\t\t\t<div class=\"gallery-page__single\">\r\n\t\t\t\t\t\t\t\t<div class=\"gallery-page__img\">\r\n\t\t\t\t\t\t\t\t\t<img decoding=\"async\" src=\"http:\/\/www.sina.gov.mz\/wp-content\/uploads\/2024\/05\/Corredor-de-Nacala.png\" alt=\"\">\r\n\t\t\t\t\t\t\t\t\t<a href=\"http:\/\/www.sina.gov.mz\/wp-content\/uploads\/2024\/05\/Corredor-de-Nacala.png\" class=\"img-popup\"><\/a>\r\n\t\t\t\t\t\t\t\t\t<!-- \/.img-popup -->\r\n\t\t\t\t\t\t\t\t\t<div class=\"gallery-page__content\">\r\n\t\t\t\t\t\t\t\t\t\t<p class=\"gallery-page__sub-title\">Zona de turismo integrado de lumbo e sanculo<\/p>\r\n\t\t\t\t\t\t\t\t\t\t<h5 class=\"gallery-page__title\">Zona de turismo integrado de lumbo e sanculo<\/h5>\r\n\t\t\t\t\t\t\t\t\t<\/div>\r\n\t\t\t\t\t\t\t\t<\/div>\r\n\t\t\t\t\t\t\t<\/div>\r\n\t\t\t\t\t\t<\/div>\r\n\t\t\t\t\t\t<!--Gallery Page Single End-->\r\n\t\t\t\t\t\t\t\t\t\t\t<!--Gallery Page Single Start-->\r\n\t\t\t\t\t\t<div class=\"item\">\r\n\t\t\t\t\t\t\t<div class=\"gallery-page__single\">\r\n\t\t\t\t\t\t\t\t<div class=\"gallery-page__img\">\r\n\t\t\t\t\t\t\t\t\t<img decoding=\"async\" src=\"http:\/\/www.sina.gov.mz\/wp-content\/uploads\/2024\/05\/Ligacoes-aeroporto-de-internacional-de-nacala.png\" alt=\"\">\r\n\t\t\t\t\t\t\t\t\t<a href=\"http:\/\/www.sina.gov.mz\/wp-content\/uploads\/2024\/05\/Ligacoes-aeroporto-de-internacional-de-nacala.png\" class=\"img-popup\"><\/a>\r\n\t\t\t\t\t\t\t\t\t<!-- \/.img-popup -->\r\n\t\t\t\t\t\t\t\t\t<div class=\"gallery-page__content\">\r\n\t\t\t\t\t\t\t\t\t\t<p class=\"gallery-page__sub-title\">Corredor de Nacala<\/p>\r\n\t\t\t\t\t\t\t\t\t\t<h5 class=\"gallery-page__title\">Corredores de Nacala<\/h5>\r\n\t\t\t\t\t\t\t\t\t<\/div>\r\n\t\t\t\t\t\t\t\t<\/div>\r\n\t\t\t\t\t\t\t<\/div>\r\n\t\t\t\t\t\t<\/div>\r\n\t\t\t\t\t\t<!--Gallery Page Single End-->\r\n\t\t\t\t\t\t\t\t\t\t\t<!--Gallery Page Single Start-->\r\n\t\t\t\t\t\t<div class=\"item\">\r\n\t\t\t\t\t\t\t<div class=\"gallery-page__single\">\r\n\t\t\t\t\t\t\t\t<div class=\"gallery-page__img\">\r\n\t\t\t\t\t\t\t\t\t<img decoding=\"async\" src=\"http:\/\/www.sina.gov.mz\/wp-content\/uploads\/2024\/05\/Aeroporto-Internacinal-de-Nacal.png\" alt=\"\">\r\n\t\t\t\t\t\t\t\t\t<a href=\"http:\/\/www.sina.gov.mz\/wp-content\/uploads\/2024\/05\/Aeroporto-Internacinal-de-Nacal.png\" class=\"img-popup\"><\/a>\r\n\t\t\t\t\t\t\t\t\t<!-- \/.img-popup -->\r\n\t\t\t\t\t\t\t\t\t<div class=\"gallery-page__content\">\r\n\t\t\t\t\t\t\t\t\t\t<p class=\"gallery-page__sub-title\">Rotas para o aeroporto internacional de Nacala<\/p>\r\n\t\t\t\t\t\t\t\t\t\t<h5 class=\"gallery-page__title\">Rotas para o aeroporto internacional de Nacala<\/h5>\r\n\t\t\t\t\t\t\t\t\t<\/div>\r\n\t\t\t\t\t\t\t\t<\/div>\r\n\t\t\t\t\t\t\t<\/div>\r\n\t\t\t\t\t\t<\/div>\r\n\t\t\t\t\t\t<!--Gallery Page Single End-->\r\n\t\t\t\t\t\t\t\t\t\t\t<!--Gallery Page Single Start-->\r\n\t\t\t\t\t\t<div class=\"item\">\r\n\t\t\t\t\t\t\t<div class=\"gallery-page__single\">\r\n\t\t\t\t\t\t\t\t<div class=\"gallery-page__img\">\r\n\t\t\t\t\t\t\t\t\t<img decoding=\"async\" src=\"http:\/\/www.sina.gov.mz\/wp-content\/uploads\/2024\/05\/regioes.png\" alt=\"\">\r\n\t\t\t\t\t\t\t\t\t<a href=\"http:\/\/www.sina.gov.mz\/wp-content\/uploads\/2024\/05\/regioes.png\" class=\"img-popup\"><\/a>\r\n\t\t\t\t\t\t\t\t\t<!-- \/.img-popup -->\r\n\t\t\t\t\t\t\t\t\t<div class=\"gallery-page__content\">\r\n\t\t\t\t\t\t\t\t\t\t<p class=\"gallery-page__sub-title\">Regi\u00f5es Agroecologias<\/p>\r\n\t\t\t\t\t\t\t\t\t\t<h5 class=\"gallery-page__title\">Education<\/h5>\r\n\t\t\t\t\t\t\t\t\t<\/div>\r\n\t\t\t\t\t\t\t\t<\/div>\r\n\t\t\t\t\t\t\t<\/div>\r\n\t\t\t\t\t\t<\/div>\r\n\t\t\t\t\t\t<!--Gallery Page Single End-->\r\n\t\t\t\t\t\t\t\t\t\t\t\t<\/div>\r\n\t\t<\/div>\r\n\t<\/section>\r\n\t<!--Gallery Page End-->\r\n\t\t<\/div>\n\t\t\t\t<\/div>\n\t\t\t\t<\/div>\n\t\t\t\t<\/div>\n\t\t","protected":false},"excerpt":{"rendered":"<p>Localiza\u00e7\u00e3o, Superf\u00edcie e Divis\u00e3o Administrativas A Prov\u00edncia de Nampula situa-se ao Norte de Mo\u00e7ambique, localizada com as coordenadas lim\u00edtrofes 13\u00b0 29&#8242; e 15\u00b0 54&#8242; 10\u201d Latitude Norte, 36\u00b0 41&#8242; 51\u201d e 40\u00b0 47&#8242; 57\u201d Longitude Este. Os seus limites s\u00e3o, a Norte, as prov\u00edncias de Cabo Delgado e Niassa, a Sul a prov\u00edncia da Zamb\u00e9zia, [&hellip;]<\/p>\n","protected":false},"author":6,"featured_media":0,"parent":0,"menu_order":0,"comment_status":"closed","ping_status":"closed","template":"","meta":{"_monsterinsights_skip_tracking":false,"_monsterinsights_sitenote_active":false,"_monsterinsights_sitenote_note":"","_monsterinsights_sitenote_category":0,"footnotes":""},"aioseo_notices":[],"_links":{"self":[{"href":"http:\/\/www.sina.gov.mz\/index.php\/wp-json\/wp\/v2\/pages\/1939"}],"collection":[{"href":"http:\/\/www.sina.gov.mz\/index.php\/wp-json\/wp\/v2\/pages"}],"about":[{"href":"http:\/\/www.sina.gov.mz\/index.php\/wp-json\/wp\/v2\/types\/page"}],"author":[{"embeddable":true,"href":"http:\/\/www.sina.gov.mz\/index.php\/wp-json\/wp\/v2\/users\/6"}],"replies":[{"embeddable":true,"href":"http:\/\/www.sina.gov.mz\/index.php\/wp-json\/wp\/v2\/comments?post=1939"}],"version-history":[{"count":344,"href":"http:\/\/www.sina.gov.mz\/index.php\/wp-json\/wp\/v2\/pages\/1939\/revisions"}],"predecessor-version":[{"id":4801,"href":"http:\/\/www.sina.gov.mz\/index.php\/wp-json\/wp\/v2\/pages\/1939\/revisions\/4801"}],"wp:attachment":[{"href":"http:\/\/www.sina.gov.mz\/index.php\/wp-json\/wp\/v2\/media?parent=1939"}],"curies":[{"name":"wp","href":"https:\/\/api.w.org\/{rel}","templated":true}]}}